{"id":82,"date":"2018-11-02T19:08:03","date_gmt":"2018-11-02T18:08:03","guid":{"rendered":"http:\/\/werra-hoerseleck.de\/?page_id=82"},"modified":"2025-06-22T09:46:04","modified_gmt":"2025-06-22T08:46:04","slug":"der-verein-2","status":"publish","type":"page","link":"https:\/\/werra-hoerseleck.de\/?page_id=82","title":{"rendered":"Der Verein"},"content":{"rendered":"<p>Der Sportfischerverein &#8222;Werra-H\u00f6rseleck&#8220; e.V. wurde am 20.01.1991 in Eisenach (OT: Stedtfeld) gegr\u00fcndet. Seit dem 26.02.1992 ist er beim Amtsgericht Eisenach, unter der Nummer VR 179, in das Vereinsregister eingetragen. Er ist aus der Ortsgruppe H\u00f6rschel hervorgegangen, welche im Jahre 1964 gegr\u00fcndet wurde.<\/p>\n<p>Der Sportfischerverein ist gem\u00e4\u00df \u00a7 29 Bundesnaturschutzgesetzes ein anerkannter Verein und dem VDFS (Verband Deutscher Sportfischer e. V.) angegliedert, welcher in Offenbach\/Main organisiert ist.<\/p>\n<p>Direkt am Rennsteigbeginn, in der Ortschaft H\u00f6rschel, flie\u00dft die H\u00f6rsel in die Werra, was zur Namensgebung &#8222;Werra-Hoerseleck&#8220; f\u00fchrte.<\/p>\n<p>Der Sportfischerverein &#8222;Werra-H\u00f6rseleck&#8220; e.V. besteht derzeit aus etwa 90 Mitgliedern, wovon 75 Sportfreunde aktiv, d. h. im Besitz einer g\u00fcltigen Jahreserlaubniskarte sind. 4 Mitglieder sind Jugendliche (unter 18 Jahren).<\/p>\n<h3>Satzung<\/h3>\n<p>Satzung zum Download:\u00a0 \u00a0 <a href=\"https:\/\/werra-hoerseleck.de\/wp-content\/uploads\/SATZUNG-neue-2018-2.pdf\">SATZUNG neue 2018 2<\/a><\/p>\n<p>Der Verein ist politisch, rassisch und konfessionell neutral. Er ist Mitglied des Deutschen Anglerverbandes &#8211; Landesverband Th\u00fcringen &#8211; Verband der Fischwaid und zum Schutz der Gew\u00e4sser und Natur e. V.,sowie des zu bildenden Dachverbandes der Angler und erkennt deren Satzungen an.<\/p>\n<p>Der Sportfischerverein &#8222;Werra-H\u00f6rseleck e.V.&#8220; ist beim Amtsgericht Eisenach, im Vereinsregister unter der VR: 179 registriert.<\/p>\n<p>Die, der Registrierung zugrunde liegende Vereinssatzung kann nachstehend, sowohl als MS-Word oder als PDF-Dokument ge\u00f6ffnet und bei Bedarf, auf Ihrem PC gespeichert werden. Dies setzt allerdings voraus, dass auf Ihrem PC das entsprechende Bearbeitungsprogram installiert ist.<\/p>\n<h3>Vorstand<\/h3>\n<p><strong>Der Vorstand<\/strong> des Sportfischervereins Werra-H\u00f6rseleck e.V. setzt sich wie folgt zusammen:<\/p>\n<p>J\u00fcrgen Rodeck \u00a01. Vorsitzender<\/p>\n<p>Dietmar Weichardt 2. Vorsitzender<\/p>\n<p>Werner Rauch Schatzmeister(noch keine Eintragung im Vereinsregister erfolgt)<\/p>\n<h3>Geschichte<\/h3>\n<p>Als am 24. August 1964\u00a0 21 Angler die Ortsgruppe H\u00f6rschel\u00a0 bei \u201eErna\u201c gr\u00fcndeten, war der 1. Angelverein in H\u00f6rschel geboren. Die meisten Sportfreunde kamen von der damaligen \u201eEiserne Ruhe\u201c oder waren in den umliegenden Gemeinden ans\u00e4ssig. Wechselvoll wie die Zeit ist seine Geschichte.<\/p>\n<p>Als Vorsitzender des Angelsportvereins wurde bei der Gr\u00fcndung Herr Gerhard Fink und als Stellvertreter Walter Ebenau gew\u00e4hlt. Der Vorstand setzte zielstrebig seine im Statut festgelegten Arbeitsschwerpunkte um.<\/p>\n<p>An 1. Stelle stand dabei die Schaffung von weiteren Angelgelegenheiten f\u00fcr seine Mitglieder. Das n\u00e4chstgelegenen Fischw\u00e4sser, die H\u00f6rsel und die Werra war zu dieser Zeit noch reich an Forellen, Aalen, Wei\u00dffischen und auch noch verh\u00e4ltnism\u00e4\u00dfig sauber.<\/p>\n<p>Ab 1965 wurde die Anlage im Schimmelsgrund in Neuenhof aus einem versumpften Sportplatz hergerichtet. Hier wurden drei Teiche geschaffen. Mit Schubkarre und Schaufel und dann mit einer alten Dieselseilwinde und Loren wurden die Teiche erschaffen. Hier m\u00f6chte noch einmal die Sportfreunde Hilmar Tippach, Siegfried Waltner, Rolf Scharwei, Karl-Heinz Kr\u00e4tschmann, Egbert B\u00fccking, G\u00fcnther und Walter Busch und Heinz Nitzsche erw\u00e4hnen, ohne ihren pers\u00f6nlichen Einsatz h\u00e4tten wir diese Anlage heute nicht. Manche sind heute schon verstorben. Ab 1967 wurde mit dem Anglerh\u00e4uschen im Schimmelsgrund begonnen. Heute ist es renovierungsbed\u00fcrftig. Hier fanden jedes Jahr zu Pfingsten gro\u00dfe Anglerfeste statt, wo sich die Bev\u00f6lkerung aus Unterellen, Neuenhof und G\u00f6ringen traf.<\/p>\n<p>1974 \u00fcbernahmen wir die Friedhofsteiche vom Stedtfelder Sportfreund Heinrich Schuster als Aufzuchtteiche, denn Besatz war w\u00e4hrend der DDR Zeit Mangelware. Heute sind die Teiche Biotope der Stadt Eisenach.<\/p>\n<p>1975 stellte die Ortsgruppe H\u00f6rschel den Antrag an die Gemeinde Pferdsdorf-Spichra, die Kiesgrube in Spichra zu \u00fcbernehmen, heute ist sie ein hervorragendes Karpfengew\u00e4sser und Hechtgew\u00e4sser. Nach Abschluss der Ma\u00dfnahmen im Schimmelsgrund werden wir auch dieses Gew\u00e4sser sanieren. Am 13. Januar 1984 verloren wir unser bestes Aalgew\u00e4sser durch Bruch einer Wehrwalze am Wasserkraftwerk Spichra, und der Tote Arm war fortan trocken.<\/p>\n<p>1986 begannen wir mit dem Bau eines Dammes am Totem Arm in Pferdsdorf, hier wurde der Pferdsbach vom Totem Arm getrennt und es entstand ein geschlossenes Gew\u00e4sser.<\/p>\n<p>Am 1. April 1997 \u00fcbernahmen wir unser Anglerheim hier in Spichra und m\u00f6chten noch einmal Dank sagen, besonders Herrn Nowatzky und der Gemeindeverwaltung Pferdsdorf-Spichra f\u00fcr die Unterst\u00fctzung bei den Verhandlungen.<\/p>\n<p><img loading=\"lazy\" decoding=\"async\" class=\"aligncenter wp-image-339 size-full\" src=\"https:\/\/werra-hoerseleck.de\/wp-content\/uploads\/anglerheim_Spichra.jpg\" alt=\"\" width=\"1004\" height=\"632\" srcset=\"https:\/\/werra-hoerseleck.de\/wp-content\/uploads\/anglerheim_Spichra.jpg 1004w, https:\/\/werra-hoerseleck.de\/wp-content\/uploads\/anglerheim_Spichra-300x189.jpg 300w, https:\/\/werra-hoerseleck.de\/wp-content\/uploads\/anglerheim_Spichra-768x483.jpg 768w\" sizes=\"auto, (max-width: 1004px) 100vw, 1004px\" \/><\/p>\n<h5 style=\"text-align: center;\">Bilder von den Versammlungen<\/h5>\n<div id='gallery-1' class='gallery galleryid-82 gallery-columns-6 gallery-size-thumbnail'><figure class='gallery-item'>\n\t\t\t<div class='gallery-icon landscape'>\n\t\t\t\t<a href='https:\/\/werra-hoerseleck.de\/?attachment_id=1083'><img loading=\"lazy\" decoding=\"async\" width=\"150\" height=\"150\" src=\"https:\/\/werra-hoerseleck.de\/wp-content\/uploads\/Vers-3-150x150.jpg\" class=\"attachment-thumbnail size-thumbnail\" alt=\"\" \/><\/a>\n\t\t\t<\/div><\/figure><figure class='gallery-item'>\n\t\t\t<div class='gallery-icon landscape'>\n\t\t\t\t<a href='https:\/\/werra-hoerseleck.de\/?attachment_id=1084'><img loading=\"lazy\" decoding=\"async\" width=\"150\" height=\"150\" src=\"https:\/\/werra-hoerseleck.de\/wp-content\/uploads\/Vers-4-150x150.jpg\" class=\"attachment-thumbnail size-thumbnail\" alt=\"\" \/><\/a>\n\t\t\t<\/div><\/figure><figure class='gallery-item'>\n\t\t\t<div class='gallery-icon landscape'>\n\t\t\t\t<a href='https:\/\/werra-hoerseleck.de\/?attachment_id=1085'><img loading=\"lazy\" decoding=\"async\" width=\"150\" height=\"150\" src=\"https:\/\/werra-hoerseleck.de\/wp-content\/uploads\/Vers-5-150x150.jpg\" class=\"attachment-thumbnail size-thumbnail\" alt=\"\" \/><\/a>\n\t\t\t<\/div><\/figure><figure class='gallery-item'>\n\t\t\t<div class='gallery-icon landscape'>\n\t\t\t\t<a href='https:\/\/werra-hoerseleck.de\/?attachment_id=1086'><img loading=\"lazy\" decoding=\"async\" width=\"150\" height=\"150\" src=\"https:\/\/werra-hoerseleck.de\/wp-content\/uploads\/Vers-6-150x150.jpg\" class=\"attachment-thumbnail size-thumbnail\" alt=\"\" \/><\/a>\n\t\t\t<\/div><\/figure><figure class='gallery-item'>\n\t\t\t<div class='gallery-icon landscape'>\n\t\t\t\t<a href='https:\/\/werra-hoerseleck.de\/?attachment_id=1087'><img loading=\"lazy\" decoding=\"async\" width=\"150\" height=\"150\" src=\"https:\/\/werra-hoerseleck.de\/wp-content\/uploads\/Vers-7-150x150.jpg\" class=\"attachment-thumbnail size-thumbnail\" alt=\"\" \/><\/a>\n\t\t\t<\/div><\/figure><figure class='gallery-item'>\n\t\t\t<div class='gallery-icon landscape'>\n\t\t\t\t<a href='https:\/\/werra-hoerseleck.de\/?attachment_id=1088'><img loading=\"lazy\" decoding=\"async\" width=\"150\" height=\"150\" src=\"https:\/\/werra-hoerseleck.de\/wp-content\/uploads\/Vers-8-150x150.jpg\" class=\"attachment-thumbnail size-thumbnail\" alt=\"\" aria-describedby=\"gallery-1-1088\" \/><\/a>\n\t\t\t<\/div>\n\t\t\t\t<figcaption class='wp-caption-text gallery-caption' id='gallery-1-1088'>\n\t\t\t\t?\n\t\t\t\t<\/figcaption><\/figure><figure class='gallery-item'>\n\t\t\t<div class='gallery-icon landscape'>\n\t\t\t\t<a href='https:\/\/werra-hoerseleck.de\/?attachment_id=1089'><img loading=\"lazy\" decoding=\"async\" width=\"150\" height=\"150\" src=\"https:\/\/werra-hoerseleck.de\/wp-content\/uploads\/Vers-9-150x150.jpg\" class=\"attachment-thumbnail size-thumbnail\" alt=\"\" aria-describedby=\"gallery-1-1089\" \/><\/a>\n\t\t\t<\/div>\n\t\t\t\t<figcaption class='wp-caption-text gallery-caption' id='gallery-1-1089'>\n\t\t\t\t?\n\t\t\t\t<\/figcaption><\/figure><figure class='gallery-item'>\n\t\t\t<div class='gallery-icon landscape'>\n\t\t\t\t<a href='https:\/\/werra-hoerseleck.de\/?attachment_id=1090'><img loading=\"lazy\" decoding=\"async\" width=\"150\" height=\"150\" src=\"https:\/\/werra-hoerseleck.de\/wp-content\/uploads\/Vers-10-150x150.jpg\" class=\"attachment-thumbnail size-thumbnail\" alt=\"\" aria-describedby=\"gallery-1-1090\" \/><\/a>\n\t\t\t<\/div>\n\t\t\t\t<figcaption class='wp-caption-text gallery-caption' id='gallery-1-1090'>\n\t\t\t\t?\n\t\t\t\t<\/figcaption><\/figure><figure class='gallery-item'>\n\t\t\t<div class='gallery-icon landscape'>\n\t\t\t\t<a href='https:\/\/werra-hoerseleck.de\/?attachment_id=1091'><img loading=\"lazy\" decoding=\"async\" width=\"150\" height=\"150\" src=\"https:\/\/werra-hoerseleck.de\/wp-content\/uploads\/Vers-11-150x150.jpg\" class=\"attachment-thumbnail size-thumbnail\" alt=\"\" aria-describedby=\"gallery-1-1091\" \/><\/a>\n\t\t\t<\/div>\n\t\t\t\t<figcaption class='wp-caption-text gallery-caption' id='gallery-1-1091'>\n\t\t\t\t?\n\t\t\t\t<\/figcaption><\/figure><figure class='gallery-item'>\n\t\t\t<div class='gallery-icon landscape'>\n\t\t\t\t<a href='https:\/\/werra-hoerseleck.de\/?attachment_id=1092'><img loading=\"lazy\" decoding=\"async\" width=\"150\" height=\"150\" src=\"https:\/\/werra-hoerseleck.de\/wp-content\/uploads\/Vers-12-150x150.jpg\" class=\"attachment-thumbnail size-thumbnail\" alt=\"\" \/><\/a>\n\t\t\t<\/div><\/figure><figure class='gallery-item'>\n\t\t\t<div class='gallery-icon landscape'>\n\t\t\t\t<a href='https:\/\/werra-hoerseleck.de\/?attachment_id=1093'><img loading=\"lazy\" decoding=\"async\" width=\"150\" height=\"150\" src=\"https:\/\/werra-hoerseleck.de\/wp-content\/uploads\/Vers-150x150.jpg\" class=\"attachment-thumbnail size-thumbnail\" alt=\"\" \/><\/a>\n\t\t\t<\/div><\/figure><figure class='gallery-item'>\n\t\t\t<div class='gallery-icon landscape'>\n\t\t\t\t<a href='https:\/\/werra-hoerseleck.de\/?attachment_id=1094'><img loading=\"lazy\" decoding=\"async\" width=\"150\" height=\"150\" src=\"https:\/\/werra-hoerseleck.de\/wp-content\/uploads\/Vers1-150x150.jpg\" class=\"attachment-thumbnail size-thumbnail\" alt=\"\" \/><\/a>\n\t\t\t<\/div><\/figure>\n\t\t<\/div>\n\n","protected":false},"excerpt":{"rendered":"<p>Der Sportfischerverein &#8222;Werra-H\u00f6rseleck&#8220; e.V. wurde am 20.01.1991 in Eisenach (OT: Stedtfeld) gegr\u00fcndet. Seit dem 26.02.1992 ist er beim Amtsgericht Eisenach,&hellip;<\/p>\n","protected":false},"author":1,"featured_media":0,"parent":0,"menu_order":0,"comment_status":"closed","ping_status":"closed","template":"","meta":{"footnotes":""},"class_list":["post-82","page","type-page","status-publish","hentry"],"_links":{"self":[{"href":"https:\/\/werra-hoerseleck.de\/index.php?rest_route=\/wp\/v2\/pages\/82","targetHints":{"allow":["GET"]}}],"collection":[{"href":"https:\/\/werra-hoerseleck.de\/index.php?rest_route=\/wp\/v2\/pages"}],"about":[{"href":"https:\/\/werra-hoerseleck.de\/index.php?rest_route=\/wp\/v2\/types\/page"}],"author":[{"embeddable":true,"href":"https:\/\/werra-hoerseleck.de\/index.php?rest_route=\/wp\/v2\/users\/1"}],"replies":[{"embeddable":true,"href":"https:\/\/werra-hoerseleck.de\/index.php?rest_route=%2Fwp%2Fv2%2Fcomments&post=82"}],"version-history":[{"count":24,"href":"https:\/\/werra-hoerseleck.de\/index.php?rest_route=\/wp\/v2\/pages\/82\/revisions"}],"predecessor-version":[{"id":2677,"href":"https:\/\/werra-hoerseleck.de\/index.php?rest_route=\/wp\/v2\/pages\/82\/revisions\/2677"}],"wp:attachment":[{"href":"https:\/\/werra-hoerseleck.de\/index.php?rest_route=%2Fwp%2Fv2%2Fmedia&parent=82"}],"curies":[{"name":"wp","href":"https:\/\/api.w.org\/{rel}","templated":true}]}}