{"id":28,"date":"2020-12-02T16:56:17","date_gmt":"2020-12-02T15:56:17","guid":{"rendered":"http:\/\/werra-hoerseleck.de\/?page_id=28"},"modified":"2025-03-27T14:32:38","modified_gmt":"2025-03-27T13:32:38","slug":"startseite","status":"publish","type":"page","link":"https:\/\/werra-hoerseleck.de\/","title":{"rendered":"Herzlich Willkommen!"},"content":{"rendered":"<p style=\"text-align: center;\">\n<p><img loading=\"lazy\" decoding=\"async\" class=\"aligncenter size-large wp-image-2641\" src=\"https:\/\/werra-hoerseleck.de\/wp-content\/uploads\/IMG_8631-1024x576.jpeg\" alt=\"\" width=\"688\" height=\"387\" \/><\/p>\n\r\n\t\t\t\t<div class=\"ticker-news\">\t\t\t\t\t\t<span>Neues<\/span>\r\n\t\t\t\t\t\t\t<div class='tickercontainer'>\r\n\t\t\t\t\t\t\t\t<div class='ticker-mask'>\r\n\t\t\t\t\t\t\t\t\t<ul id=\"ticker\">\t\t\t\t\t\t\t\t\t\t\t<li>***** Achtung, die n\u00e4chste Mitgliederversammlung findet am 10.August in Spichra Anglerheim statt *****<\/li>\t\t\t\t\t\t\t\t\t<\/ul>\r\n\t\t\t\t\t\t\t\t<\/div>\r\n\t\t\t\t\t\t\t<\/div>\r\n\t\t\t\t\t\t\t\t\t\t\t<\/div>\r\n\t\t\t\t<!-- .ticker-news -->\r\n\t\t\t\t\n<p>&nbsp;<\/p>\n<h5 style=\"text-align: center;\"><span style=\"color: #000000;\">Der Sportfischerverein Werra-Hoerseleck e.V. freut sich, Sie auf seiner Internetseite begr\u00fc\u00dfen zu d\u00fcrfen. Auf dieser Seite m\u00f6chten wir Ihnen etwas \u00fcber unsere Ziele mitteilen, Ihnen unseren Verein vorstellen, und unsere Termine und\u00a0 Aktivit\u00e4ten ver\u00f6ffentlichen.<\/span><\/h5>\n<p style=\"text-align: center;\"><span style=\"color: #000000; font-family: inherit; font-size: 1rem;\">Nahe der Wartburgstadt Eisenach, im sch\u00f6nen Th\u00fcringen, liegt die Ortschaft H\u00f6rschel\u00a0mit unserem Versammlungslokal.<\/span><\/p>\n<p style=\"text-align: center;\"><span style=\"color: #000000;\"><em style=\"font-family: inherit; font-size: 1rem;\"><strong>&#8222;<a style=\"color: #000000;\" href=\"https:\/\/www.rennsteig-beginn.de\/\">Tor zum Rennsteig&#8220;<\/a>.<\/strong><strong><a style=\"color: #000000;\" href=\"https:\/\/werra-hoerseleck.de\/wp-content\/uploads\/Tor-zum-Rennsteig.jpg\" rel=\"noopener\">(Anschrift )<\/a><\/strong><\/em><\/span><\/p>\n<p style=\"text-align: center;\"><span style=\"color: #000000;\">In H\u00f6rschel beginnt nicht nur der inzwischen weltbekannte, 169 km lange Kammweg des Th\u00fcringer Waldes &#8222;<span style=\"color: #ff0000;\"><a style=\"color: #ff0000;\" href=\"https:\/\/de.wikipedia.org\/wiki\/Rennsteig\" target=\"_blank\" rel=\"noopener\">Rennsteig<\/a><\/span>&#8220; , sondern dort m\u00fcndet auch die &#8222;H\u00f6rsel&#8220; in die Werra und bildet so ein geographisches Dreieck, welches sich f\u00fcr den Vereinsnamen <\/span><\/p>\n<p style=\"text-align: center;\"><span style=\"color: #000000;\">&#8222;<strong>SFV\u00a0Werra-Hoerseleck e.V.<\/strong>&#8220; <\/span><\/p>\n<p style=\"text-align: center;\"><span style=\"color: #000000;\">anbot, zumal unser Verein aus dem Deutschen Angelverband Ortsgruppe &#8222;H\u00f6rschel&#8220; hervorging.<\/span><\/p>\n<h5><span style=\"color: #000000;\">Hier auch paar Impressionen unserer Gew\u00e4sser<\/span><\/h5>\n<h6><span style=\"color: #0000ff;\"><a style=\"color: #0000ff;\" href=\"https:\/\/werra-hoerseleck.de\/wp-content\/uploads\/Schimmelsgrund_1.mp4\">Schimmelsgrund Neuenhof\u00a0 April 2019<\/a><\/span><\/h6>\n<h6><span style=\"color: #0000ff;\"><a style=\"color: #0000ff;\" href=\"https:\/\/werra-hoerseleck.de\/wp-content\/uploads\/VID-20190526-WA0027.mp4\">Werra, Toter Arm<\/a><\/span><\/h6>\n<h6><span style=\"color: #0000ff;\"><a style=\"color: #0000ff;\" href=\"https:\/\/werra-hoerseleck.de\/wp-content\/uploads\/VID-20181226-WA0003.mp4\">ein Teil unserer Gew\u00e4sser im \u00dcberblick<\/a><\/span><\/h6>\n<table class=\" aligncenter\" style=\"height: 5px;\" width=\"1775\">\n<tbody>\n<tr>\n<td width=\"489\"><\/td>\n<td width=\"80\"><\/td>\n<\/tr>\n<\/tbody>\n<\/table>\n<p>&nbsp;<\/p>\n","protected":false},"excerpt":{"rendered":"<p>&nbsp; Der Sportfischerverein Werra-Hoerseleck e.V. freut sich, Sie auf seiner Internetseite begr\u00fc\u00dfen zu d\u00fcrfen. Auf dieser Seite m\u00f6chten wir Ihnen&hellip;<\/p>\n","protected":false},"author":1,"featured_media":0,"parent":0,"menu_order":0,"comment_status":"closed","ping_status":"closed","template":"","meta":{"footnotes":""},"class_list":["post-28","page","type-page","status-publish","hentry"],"_links":{"self":[{"href":"https:\/\/werra-hoerseleck.de\/index.php?rest_route=\/wp\/v2\/pages\/28","targetHints":{"allow":["GET"]}}],"collection":[{"href":"https:\/\/werra-hoerseleck.de\/index.php?rest_route=\/wp\/v2\/pages"}],"about":[{"href":"https:\/\/werra-hoerseleck.de\/index.php?rest_route=\/wp\/v2\/types\/page"}],"author":[{"embeddable":true,"href":"https:\/\/werra-hoerseleck.de\/index.php?rest_route=\/wp\/v2\/users\/1"}],"replies":[{"embeddable":true,"href":"https:\/\/werra-hoerseleck.de\/index.php?rest_route=%2Fwp%2Fv2%2Fcomments&post=28"}],"version-history":[{"count":246,"href":"https:\/\/werra-hoerseleck.de\/index.php?rest_route=\/wp\/v2\/pages\/28\/revisions"}],"predecessor-version":[{"id":2642,"href":"https:\/\/werra-hoerseleck.de\/index.php?rest_route=\/wp\/v2\/pages\/28\/revisions\/2642"}],"wp:attachment":[{"href":"https:\/\/werra-hoerseleck.de\/index.php?rest_route=%2Fwp%2Fv2%2Fmedia&parent=28"}],"curies":[{"name":"wp","href":"https:\/\/api.w.org\/{rel}","templated":true}]}}

<p style="text-align: center;">
<p><img loading="lazy" decoding="async" class="aligncenter size-large wp-image-2641" src="https://werra-hoerseleck.de/wp-content/uploads/IMG_8631-1024x576.jpeg" alt="" width="688" height="387" /></p>

				<div class="ticker-news">						<span>Neues</span>
							<div class='tickercontainer'>
								<div class='ticker-mask'>
									<ul id="ticker">											<li>***** Achtung, die nächste Mitgliederversammlung findet am 10.August in Spichra Anglerheim statt *****</li>									</ul>
								</div>
							</div>
											</div>
				<!-- .ticker-news -->
				
<p>&nbsp;</p>
<h5 style="text-align: center;"><span style="color: #000000;">Der Sportfischerverein Werra-Hoerseleck e.V. freut sich, Sie auf seiner Internetseite begrüßen zu dürfen. Auf dieser Seite möchten wir Ihnen etwas über unsere Ziele mitteilen, Ihnen unseren Verein vorstellen, und unsere Termine und  Aktivitäten veröffentlichen.</span></h5>
<p style="text-align: center;"><span style="color: #000000; font-family: inherit; font-size: 1rem;">Nahe der Wartburgstadt Eisenach, im schönen Thüringen, liegt die Ortschaft Hörschel mit unserem Versammlungslokal.</span></p>
<p style="text-align: center;"><span style="color: #000000;"><em style="font-family: inherit; font-size: 1rem;"><strong>&#8222;<a style="color: #000000;" href="https://www.rennsteig-beginn.de/">Tor zum Rennsteig&#8220;</a>.</strong><strong><a style="color: #000000;" href="https://werra-hoerseleck.de/wp-content/uploads/Tor-zum-Rennsteig.jpg" rel="noopener">(Anschrift )</a></strong></em></span></p>
<p style="text-align: center;"><span style="color: #000000;">In Hörschel beginnt nicht nur der inzwischen weltbekannte, 169 km lange Kammweg des Thüringer Waldes &#8222;<span style="color: #ff0000;"><a style="color: #ff0000;" href="https://de.wikipedia.org/wiki/Rennsteig" target="_blank" rel="noopener">Rennsteig</a></span>&#8220; , sondern dort mündet auch die &#8222;Hörsel&#8220; in die Werra und bildet so ein geographisches Dreieck, welches sich für den Vereinsnamen </span></p>
<p style="text-align: center;"><span style="color: #000000;">&#8222;<strong>SFV Werra-Hoerseleck e.V.</strong>&#8220; </span></p>
<p style="text-align: center;"><span style="color: #000000;">anbot, zumal unser Verein aus dem Deutschen Angelverband Ortsgruppe &#8222;Hörschel&#8220; hervorging.</span></p>
<h5><span style="color: #000000;">Hier auch paar Impressionen unserer Gewässer</span></h5>
<h6><span style="color: #0000ff;"><a style="color: #0000ff;" href="https://werra-hoerseleck.de/wp-content/uploads/Schimmelsgrund_1.mp4">Schimmelsgrund Neuenhof  April 2019</a></span></h6>
<h6><span style="color: #0000ff;"><a style="color: #0000ff;" href="https://werra-hoerseleck.de/wp-content/uploads/VID-20190526-WA0027.mp4">Werra, Toter Arm</a></span></h6>
<h6><span style="color: #0000ff;"><a style="color: #0000ff;" href="https://werra-hoerseleck.de/wp-content/uploads/VID-20181226-WA0003.mp4">ein Teil unserer Gewässer im Überblick</a></span></h6>
<table class=" aligncenter" style="height: 5px;" width="1775">
<tbody>
<tr>
<td width="489"></td>
<td width="80"></td>
</tr>
</tbody>
</table>
<p>&nbsp;</p>

<p>&nbsp; Der Sportfischerverein Werra-Hoerseleck e.V. freut sich, Sie auf seiner Internetseite begrüßen zu dürfen. Auf dieser Seite möchten wir Ihnen&hellip;</p>
